{"id":36,"date":"2020-10-17T13:53:10","date_gmt":"2020-10-17T13:53:10","guid":{"rendered":"https:\/\/sororis.org\/?page_id=36"},"modified":"2021-11-08T08:02:17","modified_gmt":"2021-11-08T08:02:17","slug":"infos","status":"publish","type":"page","link":"https:\/\/sororis.org\/?page_id=36","title":{"rendered":"About"},"content":{"rendered":"\t\t<div data-elementor-type=\"wp-page\" data-elementor-id=\"36\" class=\"elementor elementor-36\" data-elementor-settings=\"[]\">\n\t\t\t\t\t\t<div class=\"elementor-inner\">\n\t\t\t\t\t\t\t<div class=\"elementor-section-wrap\">\n\t\t\t\t\t\t\t<section class=\"elementor-section elementor-top-section elementor-element elementor-element-5319784 elementor-section-boxed elementor-section-height-default elementor-section-height-default\" data-id=\"5319784\" data-element_type=\"section\">\n\t\t\t\t\t\t<div class=\"elementor-container elementor-column-gap-default\">\n\t\t\t\t\t\t\t<div class=\"elementor-row\">\n\t\t\t\t\t<div class=\"elementor-column elementor-col-100 elementor-top-column elementor-element elementor-element-c150435\" data-id=\"c150435\" data-element_type=\"column\">\n\t\t\t<div class=\"elementor-column-wrap\">\n\t\t\t\t\t\t\t<div class=\"elementor-widget-wrap\">\n\t\t\t\t\t\t\t\t<\/div>\n\t\t\t\t\t<\/div>\n\t\t<\/div>\n\t\t\t\t\t\t\t\t<\/div>\n\t\t\t\t\t<\/div>\n\t\t<\/section>\n\t\t\t\t<section class=\"elementor-section elementor-top-section elementor-element elementor-element-3e475774 elementor-section-boxed elementor-section-height-default elementor-section-height-default elementor-invisible\" data-id=\"3e475774\" data-element_type=\"section\" data-settings=\"{&quot;background_background&quot;:&quot;classic&quot;,&quot;animation&quot;:&quot;fadeIn&quot;}\">\n\t\t\t\t\t\t<div class=\"elementor-container elementor-column-gap-default\">\n\t\t\t\t\t\t\t<div class=\"elementor-row\">\n\t\t\t\t\t<div class=\"elementor-column elementor-col-100 elementor-top-column elementor-element elementor-element-c6de4bd\" data-id=\"c6de4bd\" data-element_type=\"column\" data-settings=\"{&quot;animation_tablet&quot;:&quot;fadeIn&quot;}\">\n\t\t\t<div class=\"elementor-column-wrap elementor-element-populated\">\n\t\t\t\t\t\t\t<div class=\"elementor-widget-wrap\">\n\t\t\t\t\t\t<div class=\"elementor-element elementor-element-4428de59 elementor-invisible elementor-widget elementor-widget-heading\" data-id=\"4428de59\" data-element_type=\"widget\" data-settings=\"{&quot;_animation&quot;:&quot;fadeIn&quot;}\" data-widget_type=\"heading.default\">\n\t\t\t\t<div class=\"elementor-widget-container\">\n\t\t\t<h2 class=\"elementor-heading-title elementor-size-default\">\u00dcber uns<\/h2>\t\t<\/div>\n\t\t\t\t<\/div>\n\t\t\t\t<section class=\"elementor-section elementor-inner-section elementor-element elementor-element-48f4fe9 elementor-section-boxed elementor-section-height-default elementor-section-height-default\" data-id=\"48f4fe9\" data-element_type=\"section\">\n\t\t\t\t\t\t<div class=\"elementor-container elementor-column-gap-default\">\n\t\t\t\t\t\t\t<div class=\"elementor-row\">\n\t\t\t\t\t<div class=\"elementor-column elementor-col-50 elementor-inner-column elementor-element elementor-element-78561332 elementor-invisible\" data-id=\"78561332\" data-element_type=\"column\" data-settings=\"{&quot;background_background&quot;:&quot;classic&quot;,&quot;animation&quot;:&quot;fadeIn&quot;,&quot;animation_mobile&quot;:&quot;fadeIn&quot;}\">\n\t\t\t<div class=\"elementor-column-wrap elementor-element-populated\">\n\t\t\t\t\t\t\t<div class=\"elementor-widget-wrap\">\n\t\t\t\t\t\t<div class=\"elementor-element elementor-element-75c166e2 elementor-invisible elementor-widget elementor-widget-image\" data-id=\"75c166e2\" data-element_type=\"widget\" data-settings=\"{&quot;_animation&quot;:&quot;fadeIn&quot;,&quot;_animation_mobile&quot;:&quot;fadeIn&quot;}\" data-widget_type=\"image.default\">\n\t\t\t\t<div class=\"elementor-widget-container\">\n\t\t\t\t\t<div class=\"elementor-image\">\n\t\t\t\t\t\t\t\t\t\t<img width=\"270\" height=\"192\" src=\"https:\/\/sororis.org\/wp-content\/uploads\/2021\/02\/tanja-ziegler-sororis.jpg\" class=\"attachment-full size-full\" alt=\"\" loading=\"lazy\" \/>\t\t\t\t\t\t\t\t\t\t\t<\/div>\n\t\t\t\t<\/div>\n\t\t\t\t<\/div>\n\t\t\t\t<div class=\"elementor-element elementor-element-17d168e3 animated-slow elementor-invisible elementor-widget elementor-widget-heading\" data-id=\"17d168e3\" data-element_type=\"widget\" data-settings=\"{&quot;_animation&quot;:&quot;fadeIn&quot;}\" data-widget_type=\"heading.default\">\n\t\t\t\t<div class=\"elementor-widget-container\">\n\t\t\t<h3 class=\"elementor-heading-title elementor-size-default\">Tanja Ziegler<\/h3>\t\t<\/div>\n\t\t\t\t<\/div>\n\t\t\t\t<div class=\"elementor-element elementor-element-404e6385 animated-slow elementor-invisible elementor-widget elementor-widget-text-editor\" data-id=\"404e6385\" data-element_type=\"widget\" data-settings=\"{&quot;_animation&quot;:&quot;fadeIn&quot;,&quot;_animation_tablet&quot;:&quot;fadeIn&quot;,&quot;_animation_mobile&quot;:&quot;fadeIn&quot;}\" data-widget_type=\"text-editor.default\">\n\t\t\t\t<div class=\"elementor-widget-container\">\n\t\t\t\t\t<div class=\"elementor-text-editor elementor-clearfix\"><div>Warum setze ich mich f\u00fcr Brustkrebsbetroffenen Frauen ein?<\/div><p>Weil ich pers\u00f6nlich betroffen bin. Ich habe es in meinem Leben mehr als einmal mit dem Krebs aufgenommen. Zuerst f\u00fcr unsere damals 2,5-j\u00e4hrige Tochter, dann mit meiner besten Freundin, meiner anderen besten Freundin und dann f\u00fcr mich. Jedes Mal war es eine Reise; emotional, anstrengend, grausam aber immer tief verbindend.<\/p><p>Meine Tochter ist heute ein ganz normaler Teenager; meine Freundinnen haben es beide leider nicht geschafft.<\/p><div>Ich habe meine Therapie im Sommer 2017 beendet und bin krebsfrei. Jetzt m\u00f6chte ich meine Energie f\u00fcr Brustkrebsbetroffene Frauen einsetzten. Vor allem m\u00f6chte ich Euch Kraft geben, indem ich Euch auf dieser Reise begleite und durch meine sehr pers\u00f6nliche Erfahrung unterst\u00fctze. Denn zusammen sind wir zu so viel mehr f\u00e4hig als wir uns vorstellen. Wir, Du, Ich.<\/div><\/div>\n\t\t\t\t<\/div>\n\t\t\t\t<\/div>\n\t\t\t\t\t\t<\/div>\n\t\t\t\t\t<\/div>\n\t\t<\/div>\n\t\t\t\t<div class=\"elementor-column elementor-col-50 elementor-inner-column elementor-element elementor-element-132f809f elementor-invisible\" data-id=\"132f809f\" data-element_type=\"column\" data-settings=\"{&quot;background_background&quot;:&quot;classic&quot;,&quot;animation&quot;:&quot;fadeIn&quot;,&quot;animation_delay&quot;:100}\">\n\t\t\t<div class=\"elementor-column-wrap elementor-element-populated\">\n\t\t\t\t\t\t\t<div class=\"elementor-widget-wrap\">\n\t\t\t\t\t\t<div class=\"elementor-element elementor-element-2dd87d13 elementor-invisible elementor-widget elementor-widget-image\" data-id=\"2dd87d13\" data-element_type=\"widget\" data-settings=\"{&quot;_animation&quot;:&quot;fadeIn&quot;,&quot;_animation_mobile&quot;:&quot;fadeIn&quot;}\" data-widget_type=\"image.default\">\n\t\t\t\t<div class=\"elementor-widget-container\">\n\t\t\t\t\t<div class=\"elementor-image\">\n\t\t\t\t\t\t\t\t\t\t<img src=\"https:\/\/sororis.org\/wp-content\/uploads\/elementor\/thumbs\/PHOTO-2020-10-26-14-29-38-oxhp7yt23u79kws5ey3opucbdjl3wmbbnbhzdsx1py.jpeg\" title=\"PHOTO-2020-10-26-14-29-38\" alt=\"PHOTO-2020-10-26-14-29-38\" \/>\t\t\t\t\t\t\t\t\t\t\t<\/div>\n\t\t\t\t<\/div>\n\t\t\t\t<\/div>\n\t\t\t\t<div class=\"elementor-element elementor-element-2f5d7b14 animated-slow elementor-invisible elementor-widget elementor-widget-heading\" data-id=\"2f5d7b14\" data-element_type=\"widget\" data-settings=\"{&quot;_animation&quot;:&quot;fadeIn&quot;}\" data-widget_type=\"heading.default\">\n\t\t\t\t<div class=\"elementor-widget-container\">\n\t\t\t<h3 class=\"elementor-heading-title elementor-size-default\">Nadja Bakir<\/h3>\t\t<\/div>\n\t\t\t\t<\/div>\n\t\t\t\t<div class=\"elementor-element elementor-element-32e59a21 animated-slow elementor-invisible elementor-widget elementor-widget-text-editor\" data-id=\"32e59a21\" data-element_type=\"widget\" data-settings=\"{&quot;_animation&quot;:&quot;fadeIn&quot;,&quot;_animation_tablet&quot;:&quot;fadeIn&quot;,&quot;_animation_mobile&quot;:&quot;fadeIn&quot;}\" data-widget_type=\"text-editor.default\">\n\t\t\t\t<div class=\"elementor-widget-container\">\n\t\t\t\t\t<div class=\"elementor-text-editor elementor-clearfix\"><div><p>Ich habe keinen Krebs und trotzdem bin ich betroffen. Als meine Schwester mir sagte, dass sie an Brustkrebs erkrankt ist, brach f\u00fcr mich eine Welt zusammen; das konnte und sollte nicht sein.<\/p><p>Durch die intensive Auseinandersetzung mit dem Thema Brustkrebs war ich in der Lage meine Schwester aktiv zu unterst\u00fctzen. Als dann die Diagnose der Genmutation BRCA vorlag, war mir klar, dass die Folgen sehr viel weitreichender sein k\u00f6nnen.<\/p><p>Mir ist es wichtig, diesem Thema eine Stimme zu geben da jeder betroffen sein kann. Wir, Du, Ich.<\/p><\/div><\/div>\n\t\t\t\t<\/div>\n\t\t\t\t<\/div>\n\t\t\t\t\t\t<\/div>\n\t\t\t\t\t<\/div>\n\t\t<\/div>\n\t\t\t\t\t\t\t\t<\/div>\n\t\t\t\t\t<\/div>\n\t\t<\/section>\n\t\t\t\t\t\t<\/div>\n\t\t\t\t\t<\/div>\n\t\t<\/div>\n\t\t\t\t\t\t\t\t<\/div>\n\t\t\t\t\t<\/div>\n\t\t<\/section>\n\t\t\t\t<section class=\"elementor-section elementor-top-section elementor-element elementor-element-8667850 elementor-section-boxed elementor-section-height-default elementor-section-height-default elementor-invisible\" data-id=\"8667850\" data-element_type=\"section\" data-settings=\"{&quot;background_background&quot;:&quot;classic&quot;,&quot;animation&quot;:&quot;fadeIn&quot;}\">\n\t\t\t\t\t\t<div class=\"elementor-container elementor-column-gap-default\">\n\t\t\t\t\t\t\t<div class=\"elementor-row\">\n\t\t\t\t\t<div class=\"elementor-column elementor-col-100 elementor-top-column elementor-element elementor-element-fe4b381\" data-id=\"fe4b381\" data-element_type=\"column\" data-settings=\"{&quot;animation_tablet&quot;:&quot;fadeIn&quot;}\">\n\t\t\t<div class=\"elementor-column-wrap elementor-element-populated\">\n\t\t\t\t\t\t\t<div class=\"elementor-widget-wrap\">\n\t\t\t\t\t\t<section class=\"elementor-section elementor-inner-section elementor-element elementor-element-00efa4e elementor-section-boxed elementor-section-height-default elementor-section-height-default\" data-id=\"00efa4e\" data-element_type=\"section\">\n\t\t\t\t\t\t<div class=\"elementor-container elementor-column-gap-default\">\n\t\t\t\t\t\t\t<div class=\"elementor-row\">\n\t\t\t\t\t<div class=\"elementor-column elementor-col-100 elementor-inner-column elementor-element elementor-element-72d63544 elementor-invisible\" data-id=\"72d63544\" data-element_type=\"column\" data-settings=\"{&quot;background_background&quot;:&quot;classic&quot;,&quot;animation&quot;:&quot;fadeIn&quot;,&quot;animation_delay&quot;:200}\">\n\t\t\t<div class=\"elementor-column-wrap elementor-element-populated\">\n\t\t\t\t\t\t\t<div class=\"elementor-widget-wrap\">\n\t\t\t\t\t\t<div class=\"elementor-element elementor-element-3aae95bf elementor-invisible elementor-widget elementor-widget-image\" data-id=\"3aae95bf\" data-element_type=\"widget\" data-settings=\"{&quot;_animation&quot;:&quot;fadeIn&quot;,&quot;_animation_mobile&quot;:&quot;fadeIn&quot;}\" data-widget_type=\"image.default\">\n\t\t\t\t<div class=\"elementor-widget-container\">\n\t\t\t\t\t<div class=\"elementor-image\">\n\t\t\t\t\t\t\t\t\t\t<img src=\"https:\/\/sororis.org\/wp-content\/uploads\/elementor\/thumbs\/IMG_3761-oxhp7ad9659t71rndnjdx0ibxixkchmavyjcwlxa7q.jpeg\" title=\"IMG_3761\" alt=\"Ingrid B\u00f6siger\" \/>\t\t\t\t\t\t\t\t\t\t\t<\/div>\n\t\t\t\t<\/div>\n\t\t\t\t<\/div>\n\t\t\t\t<div class=\"elementor-element elementor-element-37d98600 animated-slow elementor-invisible elementor-widget elementor-widget-heading\" data-id=\"37d98600\" data-element_type=\"widget\" data-settings=\"{&quot;_animation&quot;:&quot;fadeIn&quot;}\" data-widget_type=\"heading.default\">\n\t\t\t\t<div class=\"elementor-widget-container\">\n\t\t\t<h3 class=\"elementor-heading-title elementor-size-default\">Ingrid B\u00f6siger<\/h3>\t\t<\/div>\n\t\t\t\t<\/div>\n\t\t\t\t<div class=\"elementor-element elementor-element-1f4bf143 animated-slow elementor-invisible elementor-widget elementor-widget-text-editor\" data-id=\"1f4bf143\" data-element_type=\"widget\" data-settings=\"{&quot;_animation&quot;:&quot;fadeIn&quot;,&quot;_animation_tablet&quot;:&quot;fadeIn&quot;,&quot;_animation_mobile&quot;:&quot;fadeIn&quot;}\" data-widget_type=\"text-editor.default\">\n\t\t\t\t<div class=\"elementor-widget-container\">\n\t\t\t\t\t<div class=\"elementor-text-editor elementor-clearfix\"><p>Ich bin Tr\u00e4gerin der Genmutation BRCA und habe sie an meine beiden T\u00f6chter vererbt. Meine j\u00fcngste Tochter und ich sind krebsfrei. Meine \u00e4lteste ist es seit 2017.<\/p><p>Obwohl ich weiss, dass ich nichts daf\u00fcr kann, f\u00fchle ich mich schuldig. Es braucht einen Austausch f\u00fcr uns Mitbetroffene und daf\u00fcr setze ich mich ein. Wir, Du, Ich.<\/p><\/div>\n\t\t\t\t<\/div>\n\t\t\t\t<\/div>\n\t\t\t\t\t\t<\/div>\n\t\t\t\t\t<\/div>\n\t\t<\/div>\n\t\t\t\t\t\t\t\t<\/div>\n\t\t\t\t\t<\/div>\n\t\t<\/section>\n\t\t\t\t\t\t<\/div>\n\t\t\t\t\t<\/div>\n\t\t<\/div>\n\t\t\t\t\t\t\t\t<\/div>\n\t\t\t\t\t<\/div>\n\t\t<\/section>\n\t\t\t\t<section class=\"elementor-section elementor-top-section elementor-element elementor-element-adc0774 elementor-section-boxed elementor-section-height-default elementor-section-height-default\" data-id=\"adc0774\" data-element_type=\"section\">\n\t\t\t\t\t\t<div class=\"elementor-container elementor-column-gap-default\">\n\t\t\t\t\t\t\t<div class=\"elementor-row\">\n\t\t\t\t\t<div class=\"elementor-column elementor-col-50 elementor-top-column elementor-element elementor-element-7379b48\" data-id=\"7379b48\" data-element_type=\"column\">\n\t\t\t<div class=\"elementor-column-wrap elementor-element-populated\">\n\t\t\t\t\t\t\t<div class=\"elementor-widget-wrap\">\n\t\t\t\t\t\t<div class=\"elementor-element elementor-element-dc25234 elementor-widget elementor-widget-text-editor\" data-id=\"dc25234\" data-element_type=\"widget\" data-widget_type=\"text-editor.default\">\n\t\t\t\t<div class=\"elementor-widget-container\">\n\t\t\t\t\t<div class=\"elementor-text-editor elementor-clearfix\"><p><span style=\"caret-color: #5d5d5d; color: #5d5d5d; font-family: Lato, sans-serif; text-align: center;\">\u00a0Die Hirslanden\u00a0Klinik Aarau hat gemeinsam mit der Krebsliga Aargau die ambulante onkologische Rehabilitation\u00a0Aargau (ORA) ins Leben gerufen.<\/span><\/p><p><span style=\"caret-color: #5d5d5d; color: #5d5d5d; font-family: Lato, sans-serif; text-align: center;\">\u00a0Onkologische Therapien werden immer erfolgreicher. Sie sind jedoch mit\u00a0Nebenwirkungen verbunden, die oft f\u00fcr lange Zeit oder gar andauernd die\u00a0Lebensqualit\u00e4t\u00a0einschr\u00e4nken.\u00a0<\/span><\/p><p><span style=\"caret-color: #5d5d5d; color: #5d5d5d; font-family: Lato, sans-serif; text-align: center;\">Das\u00a0Programm ORA bietet allen Aargauer Patientinnen und Patienten Zugang zu Rehabilitationsprogrammen, die auf ihre\u00a0jeweiligen\u00a0Bed\u00fcrfnisse zugeschnitten sind.\u00a0<\/span><a style=\"font-family: Lato, sans-serif; text-align: center;\" href=\"https:\/\/www.hirslanden.ch\/de\/hirslanden-klinik-aarau\/fachgebiete\/onkologie\/onkologische-rehabilitation.html\" target=\"_blank\" rel=\"noopener\">Hier<\/a><span style=\"caret-color: #5d5d5d; color: #5d5d5d; font-family: Lato, sans-serif; text-align: center;\">\u00a0erfahren Sie mehr.\u00a0<\/span><\/p><\/div>\n\t\t\t\t<\/div>\n\t\t\t\t<\/div>\n\t\t\t\t\t\t<\/div>\n\t\t\t\t\t<\/div>\n\t\t<\/div>\n\t\t\t\t<div class=\"elementor-column elementor-col-50 elementor-top-column elementor-element elementor-element-97f7a13\" data-id=\"97f7a13\" data-element_type=\"column\">\n\t\t\t<div class=\"elementor-column-wrap elementor-element-populated\">\n\t\t\t\t\t\t\t<div class=\"elementor-widget-wrap\">\n\t\t\t\t\t\t<div class=\"elementor-element elementor-element-0df6183 elementor-widget elementor-widget-image\" data-id=\"0df6183\" data-element_type=\"widget\" data-widget_type=\"image.default\">\n\t\t\t\t<div class=\"elementor-widget-container\">\n\t\t\t\t\t<div class=\"elementor-image\">\n\t\t\t\t\t\t\t\t\t\t\t<a href=\"https:\/\/www.hirslanden.ch\/de\/hirslanden-klinik-aarau\/fachgebiete\/onkologie\/onkologische-rehabilitation.html\" target=\"_blank\">\n\t\t\t\t\t\t\t<img width=\"640\" height=\"451\" src=\"https:\/\/sororis.org\/wp-content\/uploads\/2021\/05\/image009.jpg\" class=\"attachment-large size-large\" alt=\"\" loading=\"lazy\" srcset=\"https:\/\/sororis.org\/wp-content\/uploads\/2021\/05\/image009.jpg 640w, https:\/\/sororis.org\/wp-content\/uploads\/2021\/05\/image009-300x211.jpg 300w\" sizes=\"(max-width: 640px) 100vw, 640px\" \/>\t\t\t\t\t\t\t\t<\/a>\n\t\t\t\t\t\t\t\t\t\t\t<\/div>\n\t\t\t\t<\/div>\n\t\t\t\t<\/div>\n\t\t\t\t\t\t<\/div>\n\t\t\t\t\t<\/div>\n\t\t<\/div>\n\t\t\t\t\t\t\t\t<\/div>\n\t\t\t\t\t<\/div>\n\t\t<\/section>\n\t\t\t\t\t\t<\/div>\n\t\t\t\t\t\t<\/div>\n\t\t\t\t\t<\/div>\n\t\t","protected":false},"excerpt":{"rendered":"<p>\u00dcber uns Tanja Ziegler Warum setze ich mich f\u00fcr Brustkrebsbetroffenen Frauen ein? Weil ich pers\u00f6nlich betroffen bin. Ich habe es in meinem Leben mehr als einmal mit dem Krebs aufgenommen. Zuerst f\u00fcr unsere damals 2,5-j\u00e4hrige Tochter, dann mit meiner besten Freundin, meiner anderen besten Freundin und dann f\u00fcr mich. Jedes Mal war es eine Reise; [&hellip;]<\/p>\n","protected":false},"author":1,"featured_media":0,"parent":0,"menu_order":0,"comment_status":"closed","ping_status":"closed","template":"","meta":[],"_links":{"self":[{"href":"https:\/\/sororis.org\/index.php?rest_route=\/wp\/v2\/pages\/36"}],"collection":[{"href":"https:\/\/sororis.org\/index.php?rest_route=\/wp\/v2\/pages"}],"about":[{"href":"https:\/\/sororis.org\/index.php?rest_route=\/wp\/v2\/types\/page"}],"author":[{"embeddable":true,"href":"https:\/\/sororis.org\/index.php?rest_route=\/wp\/v2\/users\/1"}],"replies":[{"embeddable":true,"href":"https:\/\/sororis.org\/index.php?rest_route=%2Fwp%2Fv2%2Fcomments&post=36"}],"version-history":[{"count":29,"href":"https:\/\/sororis.org\/index.php?rest_route=\/wp\/v2\/pages\/36\/revisions"}],"predecessor-version":[{"id":258,"href":"https:\/\/sororis.org\/index.php?rest_route=\/wp\/v2\/pages\/36\/revisions\/258"}],"wp:attachment":[{"href":"https:\/\/sororis.org\/index.php?rest_route=%2Fwp%2Fv2%2Fmedia&parent=36"}],"curies":[{"name":"wp","href":"https:\/\/api.w.org\/{rel}","templated":true}]}}